{"id":506,"date":"2025-10-28T15:11:25","date_gmt":"2025-10-28T15:11:25","guid":{"rendered":"https:\/\/mmongin.greenshelf.net\/?page_id=506"},"modified":"2026-01-09T23:00:45","modified_gmt":"2026-01-09T23:00:45","slug":"nos-recettes-anti-gaspi","status":"publish","type":"page","link":"https:\/\/mmongin.greenshelf.net\/index.php\/nos-recettes-anti-gaspi\/","title":{"rendered":"Nos recettes anti-gaspi"},"content":{"rendered":"\t\t<div data-elementor-type=\"wp-page\" data-elementor-id=\"506\" class=\"elementor elementor-506\">\n\t\t\t\t<div class=\"elementor-element elementor-element-b4bd87a e-grid e-con-boxed e-con e-parent\" data-id=\"b4bd87a\" data-element_type=\"container\">\n\t\t\t\t\t<div class=\"e-con-inner\">\n\t\t\t\t<div class=\"elementor-element elementor-element-1ad9e73 elementor-position-left elementor-vertical-align-middle elementor-widget elementor-widget-image-box\" data-id=\"1ad9e73\" data-element_type=\"widget\" data-widget_type=\"image-box.default\">\n\t\t\t\t\t<div class=\"elementor-image-box-wrapper\"><figure class=\"elementor-image-box-img\"><a href=\"https:\/\/mmongin.greenshelf.net\/index.php\/2025\/09\/25\/pancakes-a-la-banane\/\" tabindex=\"-1\"><img fetchpriority=\"high\" decoding=\"async\" width=\"500\" height=\"500\" src=\"https:\/\/mmongin.greenshelf.net\/wp-content\/uploads\/2025\/10\/Design-sans-titre-12.png\" class=\"attachment-full size-full wp-image-847\" alt=\"Description recette -Pancakes \u00e0 la banane\" srcset=\"https:\/\/mmongin.greenshelf.net\/wp-content\/uploads\/2025\/10\/Design-sans-titre-12.png 500w, https:\/\/mmongin.greenshelf.net\/wp-content\/uploads\/2025\/10\/Design-sans-titre-12-300x300.png 300w, https:\/\/mmongin.greenshelf.net\/wp-content\/uploads\/2025\/10\/Design-sans-titre-12-150x150.png 150w, https:\/\/mmongin.greenshelf.net\/wp-content\/uploads\/2025\/10\/Design-sans-titre-12-75x75.png 75w, https:\/\/mmongin.greenshelf.net\/wp-content\/uploads\/2025\/10\/Design-sans-titre-12-100x100.png 100w\" sizes=\"(max-width: 500px) 100vw, 500px\" \/><\/a><\/figure><div class=\"elementor-image-box-content\"><h3 class=\"elementor-image-box-title\"><a href=\"https:\/\/mmongin.greenshelf.net\/index.php\/2025\/09\/25\/pancakes-a-la-banane\/\">Pancakes \u00e0 la banane<\/a><\/h3><p class=\"elementor-image-box-description\">Une recette savoureuse de pancakes pour utiliser tes bananes trop m\u00fbres<\/p><\/div><\/div>\t\t\t\t<\/div>\n\t\t\t\t<div class=\"elementor-element elementor-element-af11875 elementor-position-left elementor-vertical-align-middle elementor-widget elementor-widget-image-box\" data-id=\"af11875\" data-element_type=\"widget\" data-widget_type=\"image-box.default\">\n\t\t\t\t\t<div class=\"elementor-image-box-wrapper\"><figure class=\"elementor-image-box-img\"><a href=\"https:\/\/mmongin.greenshelf.net\/index.php\/2025\/10\/30\/veloute-de-butternut\/\" tabindex=\"-1\"><img decoding=\"async\" width=\"500\" height=\"500\" src=\"https:\/\/mmongin.greenshelf.net\/wp-content\/uploads\/2025\/10\/Design-sans-titre-15.png\" class=\"attachment-full size-full wp-image-863\" alt=\"Description recette velout\u00e9 butternut\" srcset=\"https:\/\/mmongin.greenshelf.net\/wp-content\/uploads\/2025\/10\/Design-sans-titre-15.png 500w, https:\/\/mmongin.greenshelf.net\/wp-content\/uploads\/2025\/10\/Design-sans-titre-15-300x300.png 300w, https:\/\/mmongin.greenshelf.net\/wp-content\/uploads\/2025\/10\/Design-sans-titre-15-150x150.png 150w, https:\/\/mmongin.greenshelf.net\/wp-content\/uploads\/2025\/10\/Design-sans-titre-15-75x75.png 75w, https:\/\/mmongin.greenshelf.net\/wp-content\/uploads\/2025\/10\/Design-sans-titre-15-100x100.png 100w\" sizes=\"(max-width: 500px) 100vw, 500px\" \/><\/a><\/figure><div class=\"elementor-image-box-content\"><h3 class=\"elementor-image-box-title\"><a href=\"https:\/\/mmongin.greenshelf.net\/index.php\/2025\/10\/30\/veloute-de-butternut\/\">Velout\u00e9 de butternut<\/a><\/h3><p class=\"elementor-image-box-description\">Une recette onctueuse et chaude pour utiliser ton butternut  trop m\u00fbr et ne pas le gaspiller !<\/p><\/div><\/div>\t\t\t\t<\/div>\n\t\t\t\t<div class=\"elementor-element elementor-element-4ff4234 elementor-position-left elementor-vertical-align-middle elementor-widget elementor-widget-image-box\" data-id=\"4ff4234\" data-element_type=\"widget\" data-widget_type=\"image-box.default\">\n\t\t\t\t\t<div class=\"elementor-image-box-wrapper\"><figure class=\"elementor-image-box-img\"><a href=\"https:\/\/mmongin.greenshelf.net\/index.php\/2025\/10\/30\/riz-au-lait\/\" tabindex=\"-1\"><img decoding=\"async\" width=\"500\" height=\"500\" src=\"https:\/\/mmongin.greenshelf.net\/wp-content\/uploads\/2025\/10\/Design-sans-titre-14.png\" class=\"attachment-full size-full wp-image-855\" alt=\"Photo description recette riz au lait\" srcset=\"https:\/\/mmongin.greenshelf.net\/wp-content\/uploads\/2025\/10\/Design-sans-titre-14.png 500w, https:\/\/mmongin.greenshelf.net\/wp-content\/uploads\/2025\/10\/Design-sans-titre-14-300x300.png 300w, https:\/\/mmongin.greenshelf.net\/wp-content\/uploads\/2025\/10\/Design-sans-titre-14-150x150.png 150w, https:\/\/mmongin.greenshelf.net\/wp-content\/uploads\/2025\/10\/Design-sans-titre-14-75x75.png 75w, https:\/\/mmongin.greenshelf.net\/wp-content\/uploads\/2025\/10\/Design-sans-titre-14-100x100.png 100w\" sizes=\"(max-width: 500px) 100vw, 500px\" \/><\/a><\/figure><div class=\"elementor-image-box-content\"><h3 class=\"elementor-image-box-title\"><a href=\"https:\/\/mmongin.greenshelf.net\/index.php\/2025\/10\/30\/riz-au-lait\/\">Riz au lait<\/a><\/h3><p class=\"elementor-image-box-description\">Une recette bien savoureuse pour utiliser ton riz qui tra\u00eene au frigo!<\/p><\/div><\/div>\t\t\t\t<\/div>\n\t\t\t\t<div class=\"elementor-element elementor-element-68a80ff elementor-position-left elementor-vertical-align-middle elementor-widget elementor-widget-image-box\" data-id=\"68a80ff\" data-element_type=\"widget\" data-widget_type=\"image-box.default\">\n\t\t\t\t\t<div class=\"elementor-image-box-wrapper\"><figure class=\"elementor-image-box-img\"><a href=\"https:\/\/mmongin.greenshelf.net\/index.php\/2025\/10\/22\/gauffres-courgettes-jambon\/\" tabindex=\"-1\"><img loading=\"lazy\" decoding=\"async\" width=\"500\" height=\"500\" src=\"https:\/\/mmongin.greenshelf.net\/wp-content\/uploads\/2025\/10\/Design-sans-titre-13.png\" class=\"attachment-full size-full wp-image-851\" alt=\"Recette Gaufres courgettes-jambon\" srcset=\"https:\/\/mmongin.greenshelf.net\/wp-content\/uploads\/2025\/10\/Design-sans-titre-13.png 500w, https:\/\/mmongin.greenshelf.net\/wp-content\/uploads\/2025\/10\/Design-sans-titre-13-300x300.png 300w, https:\/\/mmongin.greenshelf.net\/wp-content\/uploads\/2025\/10\/Design-sans-titre-13-150x150.png 150w, https:\/\/mmongin.greenshelf.net\/wp-content\/uploads\/2025\/10\/Design-sans-titre-13-75x75.png 75w, https:\/\/mmongin.greenshelf.net\/wp-content\/uploads\/2025\/10\/Design-sans-titre-13-100x100.png 100w\" sizes=\"(max-width: 500px) 100vw, 500px\" \/><\/a><\/figure><div class=\"elementor-image-box-content\"><h3 class=\"elementor-image-box-title\"><a href=\"https:\/\/mmongin.greenshelf.net\/index.php\/2025\/10\/22\/gauffres-courgettes-jambon\/\">Gaufres courgettes jambon<\/a><\/h3><p class=\"elementor-image-box-description\">Une recette bien savoureuse et sal\u00e9e pour utiliser tes courgettes avant qu'elles ne p\u00e9riment !<\/p><\/div><\/div>\t\t\t\t<\/div>\n\t\t\t\t\t<\/div>\n\t\t\t\t<\/div>\n\t\t\t\t<\/div>\n\t\t","protected":false},"excerpt":{"rendered":"<p>Pancakes \u00e0 la banane Une recette savoureuse de pancakes pour utiliser tes bananes trop m\u00fbres Velout\u00e9 de butternut Une recette onctueuse et chaude pour utiliser ton butternut trop m\u00fbr et ne pas le gaspiller ! Riz au lait Une recette bien savoureuse pour utiliser ton riz qui tra\u00eene au frigo! Gaufres courgettes jambon Une recette [&hellip;]<\/p>\n","protected":false},"author":1,"featured_media":0,"parent":0,"menu_order":0,"comment_status":"closed","ping_status":"closed","template":"","meta":{"_seopress_robots_primary_cat":"","_seopress_titles_title":"","_seopress_titles_desc":"Recettes anti-gaspi faciles et savoureuses : transformez vos restes en desserts et plats sal\u00e9s d\u00e9licieux. Cuisinez malin avec Greenshelf !","_seopress_robots_index":"","footnotes":""},"class_list":["post-506","page","type-page","status-publish","hentry"],"yoast_head":"<!-- This site is optimized with the Yoast SEO plugin v26.7 - https:\/\/yoast.com\/wordpress\/plugins\/seo\/ -->\n<title>Des recettes anti-gaspi hyper savoureuses<\/title>\n<meta name=\"description\" content=\"Greenshelf te fait d\u00e9couvrir de nouvelles recettes hyper savoureuses ! Moins de gaspillage pour plus de gourmandise\" \/>\n<meta name=\"robots\" content=\"index, follow, max-snippet:-1, max-image-preview:large, max-video-preview:-1\" \/>\n<link rel=\"canonical\" href=\"https:\/\/mmongin.greenshelf.net\/index.php\/nos-recettes-anti-gaspi\/\" \/>\n<meta property=\"og:locale\" content=\"fr_FR\" \/>\n<meta property=\"og:type\" content=\"article\" \/>\n<meta property=\"og:title\" content=\"Des recettes anti-gaspi hyper savoureuses\" \/>\n<meta property=\"og:description\" content=\"Greenshelf te fait d\u00e9couvrir de nouvelles recettes hyper savoureuses ! Moins de gaspillage pour plus de gourmandise\" \/>\n<meta property=\"og:url\" content=\"https:\/\/mmongin.greenshelf.net\/index.php\/nos-recettes-anti-gaspi\/\" \/>\n<meta property=\"og:site_name\" content=\"Greenshelf\" \/>\n<meta property=\"article:modified_time\" content=\"2026-01-09T23:00:45+00:00\" \/>\n<meta property=\"og:image\" content=\"http:\/\/mmongin.greenshelf.net\/wp-content\/uploads\/2025\/10\/Design-sans-titre-12.png\" \/>\n<meta name=\"twitter:card\" content=\"summary_large_image\" \/>\n<meta name=\"twitter:label1\" content=\"Dur\u00e9e de lecture estim\u00e9e\" \/>\n\t<meta name=\"twitter:data1\" content=\"2 minutes\" \/>\n<script type=\"application\/ld+json\" class=\"yoast-schema-graph\">{\"@context\":\"https:\/\/schema.org\",\"@graph\":[{\"@type\":\"WebPage\",\"@id\":\"https:\/\/mmongin.greenshelf.net\/index.php\/nos-recettes-anti-gaspi\/\",\"url\":\"https:\/\/mmongin.greenshelf.net\/index.php\/nos-recettes-anti-gaspi\/\",\"name\":\"Des recettes anti-gaspi hyper savoureuses\",\"isPartOf\":{\"@id\":\"https:\/\/mmongin.greenshelf.net\/#website\"},\"primaryImageOfPage\":{\"@id\":\"https:\/\/mmongin.greenshelf.net\/index.php\/nos-recettes-anti-gaspi\/#primaryimage\"},\"image\":{\"@id\":\"https:\/\/mmongin.greenshelf.net\/index.php\/nos-recettes-anti-gaspi\/#primaryimage\"},\"thumbnailUrl\":\"http:\/\/mmongin.greenshelf.net\/wp-content\/uploads\/2025\/10\/Design-sans-titre-12.png\",\"datePublished\":\"2025-10-28T15:11:25+00:00\",\"dateModified\":\"2026-01-09T23:00:45+00:00\",\"description\":\"Greenshelf te fait d\u00e9couvrir de nouvelles recettes hyper savoureuses ! Moins de gaspillage pour plus de gourmandise\",\"breadcrumb\":{\"@id\":\"https:\/\/mmongin.greenshelf.net\/index.php\/nos-recettes-anti-gaspi\/#breadcrumb\"},\"inLanguage\":\"fr-FR\",\"potentialAction\":[{\"@type\":\"ReadAction\",\"target\":[\"https:\/\/mmongin.greenshelf.net\/index.php\/nos-recettes-anti-gaspi\/\"]}]},{\"@type\":\"ImageObject\",\"inLanguage\":\"fr-FR\",\"@id\":\"https:\/\/mmongin.greenshelf.net\/index.php\/nos-recettes-anti-gaspi\/#primaryimage\",\"url\":\"http:\/\/mmongin.greenshelf.net\/wp-content\/uploads\/2025\/10\/Design-sans-titre-12.png\",\"contentUrl\":\"http:\/\/mmongin.greenshelf.net\/wp-content\/uploads\/2025\/10\/Design-sans-titre-12.png\"},{\"@type\":\"BreadcrumbList\",\"@id\":\"https:\/\/mmongin.greenshelf.net\/index.php\/nos-recettes-anti-gaspi\/#breadcrumb\",\"itemListElement\":[{\"@type\":\"ListItem\",\"position\":1,\"name\":\"Accueil\",\"item\":\"https:\/\/mmongin.greenshelf.net\/\"},{\"@type\":\"ListItem\",\"position\":2,\"name\":\"Nos recettes anti-gaspi\"}]},{\"@type\":\"WebSite\",\"@id\":\"https:\/\/mmongin.greenshelf.net\/#website\",\"url\":\"https:\/\/mmongin.greenshelf.net\/\",\"name\":\"Greenshelf\",\"description\":\"Deviens un anti-gaspi du Turfu !\",\"publisher\":{\"@id\":\"https:\/\/mmongin.greenshelf.net\/#organization\"},\"potentialAction\":[{\"@type\":\"SearchAction\",\"target\":{\"@type\":\"EntryPoint\",\"urlTemplate\":\"https:\/\/mmongin.greenshelf.net\/?s={search_term_string}\"},\"query-input\":{\"@type\":\"PropertyValueSpecification\",\"valueRequired\":true,\"valueName\":\"search_term_string\"}}],\"inLanguage\":\"fr-FR\"},{\"@type\":\"Organization\",\"@id\":\"https:\/\/mmongin.greenshelf.net\/#organization\",\"name\":\"Greenshelf\",\"url\":\"https:\/\/mmongin.greenshelf.net\/\",\"logo\":{\"@type\":\"ImageObject\",\"inLanguage\":\"fr-FR\",\"@id\":\"https:\/\/mmongin.greenshelf.net\/#\/schema\/logo\/image\/\",\"url\":\"https:\/\/mmongin.greenshelf.net\/wp-content\/uploads\/2025\/09\/cropped-Group-1-3.png\",\"contentUrl\":\"https:\/\/mmongin.greenshelf.net\/wp-content\/uploads\/2025\/09\/cropped-Group-1-3.png\",\"width\":306,\"height\":323,\"caption\":\"Greenshelf\"},\"image\":{\"@id\":\"https:\/\/mmongin.greenshelf.net\/#\/schema\/logo\/image\/\"}}]}<\/script>\n<!-- \/ Yoast SEO plugin. -->","yoast_head_json":{"title":"Des recettes anti-gaspi hyper savoureuses","description":"Greenshelf te fait d\u00e9couvrir de nouvelles recettes hyper savoureuses ! Moins de gaspillage pour plus de gourmandise","robots":{"index":"index","follow":"follow","max-snippet":"max-snippet:-1","max-image-preview":"max-image-preview:large","max-video-preview":"max-video-preview:-1"},"canonical":"https:\/\/mmongin.greenshelf.net\/index.php\/nos-recettes-anti-gaspi\/","og_locale":"fr_FR","og_type":"article","og_title":"Des recettes anti-gaspi hyper savoureuses","og_description":"Greenshelf te fait d\u00e9couvrir de nouvelles recettes hyper savoureuses ! Moins de gaspillage pour plus de gourmandise","og_url":"https:\/\/mmongin.greenshelf.net\/index.php\/nos-recettes-anti-gaspi\/","og_site_name":"Greenshelf","article_modified_time":"2026-01-09T23:00:45+00:00","og_image":[{"url":"http:\/\/mmongin.greenshelf.net\/wp-content\/uploads\/2025\/10\/Design-sans-titre-12.png","type":"","width":"","height":""}],"twitter_card":"summary_large_image","twitter_misc":{"Dur\u00e9e de lecture estim\u00e9e":"2 minutes"},"schema":{"@context":"https:\/\/schema.org","@graph":[{"@type":"WebPage","@id":"https:\/\/mmongin.greenshelf.net\/index.php\/nos-recettes-anti-gaspi\/","url":"https:\/\/mmongin.greenshelf.net\/index.php\/nos-recettes-anti-gaspi\/","name":"Des recettes anti-gaspi hyper savoureuses","isPartOf":{"@id":"https:\/\/mmongin.greenshelf.net\/#website"},"primaryImageOfPage":{"@id":"https:\/\/mmongin.greenshelf.net\/index.php\/nos-recettes-anti-gaspi\/#primaryimage"},"image":{"@id":"https:\/\/mmongin.greenshelf.net\/index.php\/nos-recettes-anti-gaspi\/#primaryimage"},"thumbnailUrl":"http:\/\/mmongin.greenshelf.net\/wp-content\/uploads\/2025\/10\/Design-sans-titre-12.png","datePublished":"2025-10-28T15:11:25+00:00","dateModified":"2026-01-09T23:00:45+00:00","description":"Greenshelf te fait d\u00e9couvrir de nouvelles recettes hyper savoureuses ! Moins de gaspillage pour plus de gourmandise","breadcrumb":{"@id":"https:\/\/mmongin.greenshelf.net\/index.php\/nos-recettes-anti-gaspi\/#breadcrumb"},"inLanguage":"fr-FR","potentialAction":[{"@type":"ReadAction","target":["https:\/\/mmongin.greenshelf.net\/index.php\/nos-recettes-anti-gaspi\/"]}]},{"@type":"ImageObject","inLanguage":"fr-FR","@id":"https:\/\/mmongin.greenshelf.net\/index.php\/nos-recettes-anti-gaspi\/#primaryimage","url":"http:\/\/mmongin.greenshelf.net\/wp-content\/uploads\/2025\/10\/Design-sans-titre-12.png","contentUrl":"http:\/\/mmongin.greenshelf.net\/wp-content\/uploads\/2025\/10\/Design-sans-titre-12.png"},{"@type":"BreadcrumbList","@id":"https:\/\/mmongin.greenshelf.net\/index.php\/nos-recettes-anti-gaspi\/#breadcrumb","itemListElement":[{"@type":"ListItem","position":1,"name":"Accueil","item":"https:\/\/mmongin.greenshelf.net\/"},{"@type":"ListItem","position":2,"name":"Nos recettes anti-gaspi"}]},{"@type":"WebSite","@id":"https:\/\/mmongin.greenshelf.net\/#website","url":"https:\/\/mmongin.greenshelf.net\/","name":"Greenshelf","description":"Deviens un anti-gaspi du Turfu !","publisher":{"@id":"https:\/\/mmongin.greenshelf.net\/#organization"},"potentialAction":[{"@type":"SearchAction","target":{"@type":"EntryPoint","urlTemplate":"https:\/\/mmongin.greenshelf.net\/?s={search_term_string}"},"query-input":{"@type":"PropertyValueSpecification","valueRequired":true,"valueName":"search_term_string"}}],"inLanguage":"fr-FR"},{"@type":"Organization","@id":"https:\/\/mmongin.greenshelf.net\/#organization","name":"Greenshelf","url":"https:\/\/mmongin.greenshelf.net\/","logo":{"@type":"ImageObject","inLanguage":"fr-FR","@id":"https:\/\/mmongin.greenshelf.net\/#\/schema\/logo\/image\/","url":"https:\/\/mmongin.greenshelf.net\/wp-content\/uploads\/2025\/09\/cropped-Group-1-3.png","contentUrl":"https:\/\/mmongin.greenshelf.net\/wp-content\/uploads\/2025\/09\/cropped-Group-1-3.png","width":306,"height":323,"caption":"Greenshelf"},"image":{"@id":"https:\/\/mmongin.greenshelf.net\/#\/schema\/logo\/image\/"}}]}},"_links":{"self":[{"href":"https:\/\/mmongin.greenshelf.net\/index.php\/wp-json\/wp\/v2\/pages\/506","targetHints":{"allow":["GET"]}}],"collection":[{"href":"https:\/\/mmongin.greenshelf.net\/index.php\/wp-json\/wp\/v2\/pages"}],"about":[{"href":"https:\/\/mmongin.greenshelf.net\/index.php\/wp-json\/wp\/v2\/types\/page"}],"author":[{"embeddable":true,"href":"https:\/\/mmongin.greenshelf.net\/index.php\/wp-json\/wp\/v2\/users\/1"}],"replies":[{"embeddable":true,"href":"https:\/\/mmongin.greenshelf.net\/index.php\/wp-json\/wp\/v2\/comments?post=506"}],"version-history":[{"count":98,"href":"https:\/\/mmongin.greenshelf.net\/index.php\/wp-json\/wp\/v2\/pages\/506\/revisions"}],"predecessor-version":[{"id":1056,"href":"https:\/\/mmongin.greenshelf.net\/index.php\/wp-json\/wp\/v2\/pages\/506\/revisions\/1056"}],"wp:attachment":[{"href":"https:\/\/mmongin.greenshelf.net\/index.php\/wp-json\/wp\/v2\/media?parent=506"}],"curies":[{"name":"wp","href":"https:\/\/api.w.org\/{rel}","templated":true}]}}